- b**2 - 1. Let i(c) = -f(c) - 5*j(c). Calculate i(-5).
-5
Let j(w) = w**2 - 2*w. Suppose -10*q = -3*q - 35. Give j(q).
15
Let b(o) be the second derivative of -1/12*o**4 + 0*o**2 + 1/4*o**5 + 0*o**3 - 3*o + 0. Give b(1).
4
Let d(j) = j**3 - 4*j**2 - j - 5. Let o = -70 + 74. Give d(o).
-9
Suppose 15 = -4*s + 9*s. Suppose 0 = -2*j + 10, -s*y = -2*j - 1 + 29. Let a(x) = -x**2 - 6*x. Calculate a(y).
0
Let o(u) = -7*u**2 - 2*u + 1. Let d(v) = 6*v - 107. Let i be d(18). Calculate o(i).
-8
Let l(q) = 2*q. Suppose 0 = 2*v + 4 + 8. Calculate l(v).
-12
Let h(s) = -s**2 - 6*s - 2. Let l(k) = -k**2 - 2*k - 1. Suppose -2*v + 0 = 2*d - 2, 3*d - 27 = 5*v. Let q be l(v). Calculate h(q).
6
Let v(z) = -5*z. Let a(g) = -2*g. Let d(c) = 17*a(c) - 6*v(c). Determine d(-2).
8
Let p(s) = -s**3 - 5*s**2 - 2*s. Let d = -21 + 34. Suppose 3*t - 3 = 3*w, 0 = 7*w - 2*w - t + d. Give p(w).
-12
Let w(f) = f**3 - 3*f**2 - 2*f + 5. Let h be (-81)/(-18) + (-2)/4. Give w(h).
13
Let k(h) = 6*h**3 + 9*h**3 + 1 + 0*h + 0*h. Determine k(-1).
-14
Let c be (4 - 0) + 32/(-8). Let w(i) be the third derivative of i**6/120 - i**5/60 + i**4/24 - 4*i**3/3 + i**2. Calculate w(c).
-8
Let m(u) = u - 2 - 2 + 3. Give m(-3).
-4
Suppose 3*r - 7 = -1. Suppose r*w - w = -1. Let g(q) = -3*q - 1. Determine g(w).
2
Let n be 0 + -1 + -2 + 20. Suppose 0 = -4*l - n + 1. Let y(d) = -2*d - 3. Determine y(l).
5
Suppose -5*a + 2*n = 38, 0*a + 2*n + 22 = -5*a. Let r(f) = -f - 2. What is r(a)?
4
Suppose 2*n = 4, 4*w - n + 15 = -11. Let v(t) = -t - 1. Calculate v(w).
5
Suppose 5*f = -8 - 22. Let y(q) = -q**3 - 5*q**2 + 5*q + 6. What is y(f)?
12
Let n(l) = l**3 - 4*l**2 + 2*l - 2. Let t be n(3). Let r(f) = -f**3 - 4*f**2 + 3*f - 3. Determine r(t).
7
Let a(w) = -3*w**2 + 3*w - 6 + w**3 - 2*w**2 - 2*w - 2*w**2. Calculate a(7).
1
Let q(v) = -3*v**2 - 3*v. Let k be q(-2). Let f(w) = -w - 2. Determine f(k).
4
Suppose -3*q + 5 + 1 = 0. Suppose 30 = -2*s + 4*n, q*n - 20 = -s + 3*s. Let y(r) = -r - 10. Calculate y(s).
-5
Suppose 10 = 4*x + 2. Let q be (0 + 2)/(x/(-3)). Let b(y) be the third derivative of y**5/60 + y**4/12 + y**3/3 - y**2. Determine b(q).
5
Let l(t) be the first derivative of -1 - 5/3*t**3 + 1/4*t**4 + 1/2*t**2 + 4*t. Give l(4).
-8
Let p(r) = -r + 2. Suppose -4 = 6*q - 8*q. Calculate p(q).
0
Suppose -5*x - 45 = -0*x. Let d = -5 - -11. Let k = x + d. Let g(y) = -y**3 - y**2 + 3*y - 3. Calculate g(k).
6
Let u(b) = -2*b - 5. Let i(k) = k - 9. Let w be i(4). What is u(w)?
5
Let f = -3 - -3. Let p be 9/3*(1 + -2). Let m = f - p. Let d(v) = v**2 - 5*v + 4. Determine d(m).
-2
Suppose -4*a + 6 + 2 = 0. Let v(u) = -u - 3*u**2 + 2*u**a + 0 - 1. What is v(-1)?
-1
Let r(m) = 2*m + 1. Let q = -3 + 6. Let k(h) = -4 + 6*h + 0*h**3 + 0 + h**q - 6*h**2. Let v be k(5). Give r(v).
3
Let w(d) = -d**3 - 4*d**2 - d - 4. Let z(a) = 5*a**3 + 19*a**2 + 4*a + 21. Let u(h) = 11*w(h) + 2*z(h). What is u(-5)?
-12
Let b(f) = -f**3 - 2*f**2 + 2*f + 3. Let x be (-8)/4 - 21*-2. Suppose -2*c + 7*c + x = 0. Let o = -10 - c. What is b(o)?
-1
Let l(b) be the third derivative of b**6/120 + b**5/12 + b**4/8 - b**3/2 + b**2. Let q(v) = 3*v + 20. Let p be q(-8). Calculate l(p).
1
Let i(l) = -l - 5. Let f be i(-10). Let q(x) = 5 - 4*x**2 + 6 - f - x**3 - 1 + 7*x. Give q(-5).
-5
Suppose 0*i = 2*i. Let j(h) = -5 + 1 + 2*h + 2*h + i. Let t be 3 + (3 - 1 - 2). Determine j(t).
8
Let n(k) be the third derivative of -k**5/30 + k**4/24 + k**3/2 - 3*k**2. Give n(3).
-12
Let k(y) = -y**3 + 7*y**2 - 7*y + 1. Let p be k(5). Let a = -15 + p. Let i(b) = 4*b**2 + b**2 + b**2. Calculate i(a).
6
Let g(r) = -r**2 + r + 2. Let z be (3 - 2)/(-3)*-9. Suppose 0 = -z*b - 1 - 2. Let m = b - -1. Give g(m).
2
Let i(j) = -j**2 - j + 1. Let g = -3 - -7. Let w(t) = t**2 - 5 - t - 2*t**2 + 4*t**2. Let k(r) = g*i(r) + w(r). Calculate k(-3).
5
Let l(f) = -3 - 1 + 2*f**2 + 4*f + f**3 - 2*f**3. Let x be l(3). Let b = -6 - x. Let r(w) = w**2 + 4*w - 4. Determine r(b).
1
Let q(u) = -u**2 - 10*u - 26. Let p be q(-6). Let f(c) = c - 1. Let z(y) = 1. Let w(h) = -3*f(h) - 3*z(h). Give w(p).
6
Let s(a) be the third derivative of -a**4/12 + a**3/3 - 2*a**2. Let z be 2/3*(-3)/1. Let i = 4 + z. Determine s(i).
-2
Suppose -4*y + 8 + 4 = 0. Let v(o) = -4*o. Let z(i) = 2*i - 5. Let r(t) = -t + 2. Let p(m) = -5*r(m) - 2*z(m). Let d(j) = 5*p(j) + v(j). What is d(y)?
3
Let b(w) = w**3 - 8*w**2 + 8*w - 3. Suppose 3*t - 5*y = -8, 4*y + 6 - 2 = 5*t. Suppose t*g + 1 = 29. What is b(g)?
4
Suppose -10*c = -3*c + 28. Let v(p) = p**3 + 4*p**2 + 3*p + 4. Determine v(c).
-8
Let z(c) be the third derivative of -c**9/60480 + c**8/20160 - c**6/90 - c**5/20 - c**2. Let y(g) be the third derivative of z(g). Calculate y(0).
-8
Let n(p) = p - 2. Let y(s) = s - 2. Let v be ((-2)/(4/(-14)))/1. Let j(o) = v*y(o) - 6*n(o). Let t = 501 + -501. Calculate j(t).
-2
Let l be (-2)/(-5) - (-396)/60. Let y(i) = i**3 - 7*i**2 + 5. What is y(l)?
5
Let h(g) = 0*g + 1 + 5*g - 4*g. Suppose -r - 12 = r. Let k be (r/10)/((-2)/(-10)). Determine h(k).
-2
Let i be (6/(-4))/(48/128). Let b(c) = -c**2 - c + 4. What is b(i)?
-8
Suppose 2*s + 32 = -2*y - 2*s, 12 = -2*y + s. Let p(x) = -x**3 - 9*x**2 - 10*x - 8. Calculate p(y).
8
Suppose 0 = 4*h + 15 + 1. Let c(v) = v**3 + 3*v**2 - 3*v - 6. What is c(h)?
-10
Let f(j) = 8 - 3*j**2 - 8*j**2 - j**3 + 3*j + 3*j**2 - 2*j. Suppose -n + 4*n + 24 = 2*m, 8 = -n + 3*m. Let o be f(n). Let h(u) = u**2 + u + 3. What is h(o)?
3
Let o(s) = -s**3 - 7*s**2 - 5*s. Suppose 0 = 5*d + 4*q + 10 + 4, 4*d + 4 = 4*q. Let f(n) = -n**3 - 4*n**2 - 2*n - 2. Let l be f(d). Give o(l).
-6
Let s(c) = 5*c. Let k be s(1). Suppose 20 + 13 = -2*i + k*v, -3*i - 4*v = -8. Let w(z) = 0*z + 9*z + 2*z - 5 - 12*z. Calculate w(i).
-1
Let n(x) = -7*x**3 - 2*x**2 - x + 3. Let u(i) = -6*i**3 - 2*i**2 + 3. Let t(y) = -5*n(y) + 6*u(y). Determine t(-3).
-3
Let k(x) be the second derivative of -x**4/12 - 2*x**3/3 + 4*x**2 + 3*x. Let o = -16 - -10. Give k(o).
-4
Let c(m) be the first derivative of -m**2 + 7*m - 1. Give c(5).
-3
Let w(q) = -2*q**2 + 6*q + 3 + 3*q**2 + 0*q**2. What is w(-3)?
-6
Let w(c) = c**3 + 7*c**2 - 2*c - 8. Suppose 2*k + 4*k = -42. What is w(k)?
6
Let g(k) = -k**2 + 7*k - 6. Suppose 2*i = 3*i + 2*q + 8, 0 = -2*i + 2*q - 16. Let v be i/(-36) + (-43)/(-9). Let h be g(v). Let m(o) = -o + 8. Calculate m(h).
4
Let h(d) = 3*d**3 + 13*d**2 - 9*d + 5. Let n(l) = l**3 + 4*l**2 - 3*l + 2. Let f(u) = -7*u. Let y be f(1). Let b(a) = y*n(a) + 2*h(a). Calculate b(-3).
-4
Let l(i) = 11*i**2 + 2*i - 14. Let s(j) = -5*j**2 - j + 7. Let w(o) = 6*l(o) + 13*s(o). Let h(t) = 3*t**2 + 42*t. Let k be h(-14). Calculate w(k).
7
Let l(w) = 1 + 6*w - 3 + 3. Let h(o) = o**2 + 5*o + 4. Let c be h(-3). Calculate l(c).
-11
Let k(n) = n**3 - 6*n**2 + 7*n - 6. Let a be k(5). Let f = 2 - a. Let j(s) = 2*s**2 + 3*s + 4. Let p(o) = -o**2 - o - 1. Let l(t) = j(t) + 3*p(t). What is l(f)?
-3
Let p(d) be the second derivative of -d**5/40 + d**4/12 + 2*d**3/3 + 4*d. Let i(g) be the second derivative of p(g). What is i(3)?
-7
Let z(f) = f**2 + f - 4. Let b(j) = j**3 + 2*j**2 - 3*j - 3. Let a be b(-3). Give z(a).
2
Let c be (-8)/2 + 34/8. Let o(z) be the first derivative of 2*z - c*z**4 + 1/2*z**2 + 2 - 5/3*z**3. What is o(-5)?
-3
Let t(m) = -m + 3. Let c be -1 + 3/(6/(-8)). Let q = 5 - c. Suppose -3*y = -3*f - 9 + 3, -q = 2*f. Calculate t(y).
6
Let m be (-4)/((-8)/(-6)) - -2. Let b(g) = -6*g - 1. Let a(p) = 1. Let c = 1 - 2. Let k(h) = c*b(h) - 2*a(h). What is k(m)?
-7
Let p be 2 - 2/(-4)*0. Suppose -3*i - 4*u = -3*u - 11, 4*i - u = 3. Let d(f) = 4 + i*f + 0*f - 2. Calculate d(p).
6
Let u(y) = y**2 + 11*y + 4. Let j(w) = -w**2 - 12*w - 4. Suppose 3*x + 19 = -2. Let i(a) = x*u(a) - 6*j(a). Determine i(-3).
2
Suppose 0 = t - 5*o + 3*o + 2, -5*t = -2*o - 22. Let l(b) = -b + 3. Give l(t).
-3
Let j(i) be the first derivative of i**3/3 - 5*i**2/2 + i + 1. Calculate j(4).
-3
Let i(b) = b - 8. Let v be i(8). Let c(s) = -6 + v + s - 2*s - s. Let r = -14 + 10. Calculate c(r).
2
Let v = 47 + -47. Let p(k) be the third derivative of 2*k**2 + 1/6*k**4 + v*k + 0 + 1/6*k**3. Calculate p(-1).
-3
Let t(o) = -o**2 + 7*o + 4. Let l be t(7). Let m(n) = -4*n - 1 - n - 2 + l*n. Let u = -1 + 1. Give m(u).
-3
Let m be 3 + -2 - 3/(-3). Let c(p) = 8*p**2 - 3*p + 5. Let u(o) = 7*o